{"id":28,"date":"2023-01-09T16:19:00","date_gmt":"2023-01-09T16:19:00","guid":{"rendered":"https:\/\/quicklaundry.cl\/?page_id=28"},"modified":"2023-01-09T19:10:25","modified_gmt":"2023-01-09T19:10:25","slug":"nuestro-servicio","status":"publish","type":"page","link":"https:\/\/quicklaundry.cl\/index.php\/nuestro-servicio\/","title":{"rendered":"Nuestro Servicio"},"content":{"rendered":"<p>Nuestros servicios est\u00e1n enfocados tanto para Comunidades como para la generaci\u00f3n de proyectos a trav\u00e9s de Inmobiliarias. Las unidades de lavander\u00eda incorporan, entre otros, adem\u00e1s de las unidades de lavado y secado, lavadero, canastos para ropa y panel de informaci\u00f3n con mejores pr\u00e1cticas de lavado.<\/p>\n<hr \/>\n<h2><span style=\"color: #000000;\"><strong>COMUNIDADES<\/strong><\/span><\/h2>\n<p><img loading=\"lazy\" decoding=\"async\" class=\"wp-image-34 alignright\" src=\"https:\/\/quicklaundry.cl\/wp-content\/uploads\/2023\/01\/laundry-6-223x300.jpeg\" alt=\"\" width=\"129\" height=\"174\" srcset=\"https:\/\/quicklaundry.cl\/wp-content\/uploads\/2023\/01\/laundry-6-223x300.jpeg 223w, https:\/\/quicklaundry.cl\/wp-content\/uploads\/2023\/01\/laundry-6.jpeg 238w\" sizes=\"auto, (max-width: 129px) 100vw, 129px\" \/>QUICKLAUNDRY aborda en forma profesional el <strong>desarrollo de Lavander\u00edas de Autoservicio al interior de edificios, comunidades e instituciones<\/strong>, otorgando un servicio integral en el asesoramiento, instalaci\u00f3n, operaci\u00f3n y administraci\u00f3n de centrales de lavander\u00eda con equipos de \u00faltima tecnolog\u00eda.<\/p>\n<p>Nuestro compromiso es entregarle a Ud. un <strong>servicio de calidad<\/strong> y responder en forma oportuna a sus requerimientos.<\/p>\n<p>Nuestras Lavander\u00edas de Autoservicio entregan la limpieza y frescura que Ud. necesita para cada una de sus prendas de vestir.<\/p>\n<hr \/>\n<h2><span style=\"color: #000000;\"><strong>INMOBILIARIAS<\/strong><\/span><\/h2>\n<p><img loading=\"lazy\" decoding=\"async\" class=\"size-full wp-image-36 alignleft\" src=\"https:\/\/quicklaundry.cl\/wp-content\/uploads\/2023\/01\/nice-laundry.jpg\" alt=\"\" width=\"284\" height=\"178\" \/>Asesoramos gratuitamente en el <strong>dise\u00f1o de las instalaciones de Lavander\u00edas de Autoservicio<\/strong>, adapt\u00e1ndonos a los requerimientos espec\u00edficos de cada proyecto. Nuestro servicio incluye un apoyo directo en el proyecto de ingenier\u00eda y arquitectura, detallando las especificaciones el\u00e9ctricas y sanitarias asociadas al desarrollo de una Lavander\u00eda de Auotservicio para Edificios en etapa de construcci\u00f3n.<\/p>\n<p><strong>Equipamos su edificio con Lavander\u00edas de Autoservici<\/strong>o, ahorrando costos de equipamiento y mantenci\u00f3n por medio de la administraci\u00f3n de los equipos, con una asistencia continuada en el servicio, sin gastos adicionales.<\/p>\n<p><strong>Desarrollamos un informe t\u00e9cnico y plano de la Lavander\u00edas de Autoservicio<\/strong>, considerando los requerimientos t\u00e9cnicos y funcionales.<\/p>\n<hr \/>\n<h2><strong>POR QU\u00c9 QUICKLAUNDRY?<\/strong><\/h2>\n<p><img loading=\"lazy\" decoding=\"async\" class=\"wp-image-37 alignright\" src=\"https:\/\/quicklaundry.cl\/wp-content\/uploads\/2023\/01\/ropa-canasta-300x236.jpeg\" alt=\"\" width=\"204\" height=\"161\" srcset=\"https:\/\/quicklaundry.cl\/wp-content\/uploads\/2023\/01\/ropa-canasta-300x236.jpeg 300w, https:\/\/quicklaundry.cl\/wp-content\/uploads\/2023\/01\/ropa-canasta.jpeg 307w\" sizes=\"auto, (max-width: 204px) 100vw, 204px\" \/>Compromiso con un <strong>Servicio de Excelencia<\/strong>. Contamos con un <strong>equipo de profesionales y t\u00e9cnicos altamente capacitados<\/strong> para satisfacer las necesidades de nuestros clientes.<\/p>\n<ul>\n<li><strong>No hay Desembolsos para la Administraci\u00f3n<\/strong>. Todos los gastos asociados a la instalaci\u00f3n, equipamiento y operaci\u00f3n del recinto son de cargo y responsabilidad de Quicklaundry.<\/li>\n<li><strong>Pago Mensual del Consumo de Agua y Energ\u00eda El\u00e9ctrica<\/strong>. Quicklaundry incorpora remarcadores de agua y energ\u00eda el\u00e9ctrica\u00a0 para registrar el consumo que es de cargo y responsabilidad de Quicklaundry.<\/li>\n<li><strong>Habilitaci\u00f3n Integral del Recinto de Lavander\u00eda<\/strong>. Equipamiento de \u00daltima Tecnolog\u00eda, operado con sistemas de ficheros inteligentes para recibir monedas.<\/li>\n<li><strong>Servicio de Mantenci\u00f3n Peri\u00f3dico de los Equipos<\/strong>. Protocolo y chequeo preventivo sin costo alguno para la comunidad.<\/li>\n<li><strong>Servicio 24&#215;7<\/strong>. Nuestros clientes cuentan con una asistencia permanente.<\/li>\n<\/ul>\n","protected":false},"excerpt":{"rendered":"<p>Nuestros servicios est\u00e1n enfocados tanto para Comunidades como para la generaci\u00f3n de proyectos a trav\u00e9s de Inmobiliarias. Las unidades de lavander\u00eda incorporan, entre otros, adem\u00e1s de las unidades de lavado y secado, lavadero, canastos para ropa y panel de informaci\u00f3n con mejores pr\u00e1cticas de lavado. COMUNIDADES QUICKLAUNDRY aborda en forma profesional el desarrollo de Lavander\u00edas [&hellip;]<\/p>\n","protected":false},"author":1,"featured_media":32,"parent":0,"menu_order":0,"comment_status":"closed","ping_status":"closed","template":"","meta":{"footnotes":""},"class_list":["post-28","page","type-page","status-publish","has-post-thumbnail","czr-hentry"],"_links":{"self":[{"href":"https:\/\/quicklaundry.cl\/index.php\/wp-json\/wp\/v2\/pages\/28","targetHints":{"allow":["GET"]}}],"collection":[{"href":"https:\/\/quicklaundry.cl\/index.php\/wp-json\/wp\/v2\/pages"}],"about":[{"href":"https:\/\/quicklaundry.cl\/index.php\/wp-json\/wp\/v2\/types\/page"}],"author":[{"embeddable":true,"href":"https:\/\/quicklaundry.cl\/index.php\/wp-json\/wp\/v2\/users\/1"}],"replies":[{"embeddable":true,"href":"https:\/\/quicklaundry.cl\/index.php\/wp-json\/wp\/v2\/comments?post=28"}],"version-history":[{"count":10,"href":"https:\/\/quicklaundry.cl\/index.php\/wp-json\/wp\/v2\/pages\/28\/revisions"}],"predecessor-version":[{"id":77,"href":"https:\/\/quicklaundry.cl\/index.php\/wp-json\/wp\/v2\/pages\/28\/revisions\/77"}],"wp:featuredmedia":[{"embeddable":true,"href":"https:\/\/quicklaundry.cl\/index.php\/wp-json\/wp\/v2\/media\/32"}],"wp:attachment":[{"href":"https:\/\/quicklaundry.cl\/index.php\/wp-json\/wp\/v2\/media?parent=28"}],"curies":[{"name":"wp","href":"https:\/\/api.w.org\/{rel}","templated":true}]}}